posite?
True
Is 80285 a composite number?
True
Is 32327 composite?
False
Is 2203 a prime number?
True
Is 47893 composite?
True
Is 13303 a composite number?
True
Is 544223 prime?
True
Is 4441 prime?
True
Is 17126 a composite number?
True
Is 834257 a prime number?
True
Is 199789 a prime number?
False
Is 29462 prime?
False
Is 79571 composite?
True
Is 44927 a prime number?
True
Is 1590515 composite?
True
Is 8434 a composite number?
True
Is 32171 a composite number?
True
Is 1799 a prime number?
False
Is 383329 a prime number?
False
Is 5599 a prime number?
False
Is 69313 a prime number?
True
Is 3109 composite?
False
Is 38039 prime?
True
Is 28837 a composite number?
False
Is 99469 prime?
True
Is 613957 a prime number?
True
Is 79301 prime?
True
Is 364027 composite?
False
Is 23419 composite?
True
Is 71879 prime?
True
Is 199569 a prime number?
False
Is 503089 a prime number?
False
Is 4981 a prime number?
False
Is 39607 prime?
True
Is 143053 composite?
False
Is 85121 a composite number?
False
Is 149983 composite?
True
Is 16033 composite?
False
Is 1582117 composite?
False
Is 76022 prime?
False
Is 7301335 prime?
False
Is 142723 a composite number?
True
Is 16843 a composite number?
False
Is 7483 prime?
False
Is 993 prime?
False
Is 440585 composite?
True
Is 133027 a composite number?
True
Is 1822367 composite?
False
Is 43477 prime?
False
Is 11731 a prime number?
True
Is 1151 a composite number?
False
Is 2767 a prime number?
True
Is 110213 a composite number?
True
Is 1103 a prime number?
True
Is 30629 composite?
True
Is 21621 composite?
True
Is 122471 a prime number?
True
Is 20245 a composite number?
True
Is 41381 a prime number?
True
Is 14633 a prime number?
True
Is 2017 a composite number?
False
Is 3511 composite?
False
Is 42505 a composite number?
True
Is 587 a composite number?
False
Is 362311 a composite number?
True
Is 245083 prime?
True
Is 42487 a composite number?
False
Is 543635 a composite number?
True
Is 108911 prime?
False
Is 24287 a composite number?
True
Is 363523 a composite number?
False
Is 561817 a prime number?
False
Is 22609 prime?
False
Is 45641 composite?
False
Is 32491 a composite number?
False
Is 89753 composite?
False
Is 40457 prime?
False
Is 5569 prime?
True
Is 390007 a prime number?
False
Is 51951 composite?
True
Is 135301 a prime number?
True
Is 2110811 prime?
True
Is 1082 a composite number?
True
Is 521 a prime number?
True
Is 14969 a composite number?
False
Is 438029 a prime number?
True
Is 103681 composite?
False
Is 8353 a composite number?
False
Is 564023 a composite number?
True
Is 1836761 a prime number?
True
Is 23611 a composite number?
True
Is 3847 composite?
False
Is 102433 prime?
True
Is 492757 a prime number?
True
Is 5899 a prime number?
False
Is 4561 composite?
False
Is 13027 prime?
False
Is 20171 prime?
False
Is 1019033 a composite number?
False
Is 21179 a composite number?
False
Is 2477 a composite number?
False
Is 52313 a prime number?
True
Is 55907 a composite number?
True
Is 126349 composite?
False
Is 9803 a composite number?
False
Is 29411 a composite number?
False
Is 36493 a prime number?
True
Is 12059 composite?
True
Is 3755 a composite number?
True
Is 647 prime?
True
Is 1585 a prime number?
False
Is 1802641 a composite number?
False
Is 39595 a composite number?
True
Is 50734 prime?
False
Is 229819 composite?
False
Is 104449 prime?
False
Is 476989 composite?
False
Is 12247 prime?
False
Is 23367 prime?
False
Is 1030483 a composite number?
True
Is 3713 composite?
True
Is 5045 a composite number?
True
Is 271253 prime?
True
Is 12889 a prime number?
True
Is 1303477 prime?
False
Is 485 prime?
False
Is 473311 composite?
False
Is 29527 a composite number?
False
Is 165287 a composite number?
False
Is 49643 a prime number?
False
Is 21871 composite?
False
Is 77591 composite?
False
Is 12941 a composite number?
False
Is 1087 a prime number?
True
Is 77929 prime?
True
Is 137791 prime?
True
Is 7789 prime?
True
Is 1843 composite?
True
Is 10231 prime?
False
Is 434909 composite?
False
Is 115963 a composite number?
False
Is 2039 a composite number?
False
Is 5578 a prime number?
False
Is 718279 a prime number?
False
Is 90149 prime?
True
Is 766257 a prime number?
False
Is 200899 composite?
False
Is 17467 prime?
True
Is 54109 composite?
True
Is 1808377 a composite number?
False
Is 32063 a composite number?
False
Is 152783 composite?
False
Is 655807 prime?
True
Is 168897 a composite number?
True
Is 3353 prime?
False
Is 489389 composite?
False
Is 1750153 prime?
True
Is 18041 composite?
False
Is 23941 a prime number?
False
Is 2579 a prime number?
True
Is 165779 prime?
True
Is 48769 prime?
False
Is 721 composite?
True
Is 7279 prime?
False
Is 6637 a composite number?
False
Is 216005 composite?
True
Is 856237 a prime number?
True
Is 999413 a composite number?
True
Is 4829 composite?
True
Is 3697 composite?
False
Is 653561 composite?
False
Is 15937 composite?
False
Is 788351 composite?
False
Is 11365 composite?
True
Is 12853 a prime number?
True
Is 14369 a prime number?
True
Is 3791 composite?
True
Is 7355 a composite number?
True
Is 142351 a composite number?
True
Is 230513 composite?
True
Is 250633 a composite number?
True
Is 444401 a composite number?
False
Is 233 prime?
True
Is 247939 a prime number?
True
Is 6381697 a composite number?
True
Is 258211 prime?
True
Is 422797 a prime number?
True
Is 889931 a composite number?
True
Is 112559 composite?
False
Is 1591 a prime number?
False
Is 139333 prime?
True
Is 7499 a prime number?
True
Is 449247 a prime number?
False
Is 16162 composite?
True
Is 8039 composite?
False
Is 52477 a composite number?
True
Is 7949 a composite number?
False
Is 4779107 a composite number?
False
Is 401039 a prime number?
True
Is 3454091 composite?
False
Is 15013 prime?
True
Is 132631 a prime number?
True
Is 14513 prime?
False
Is 618427 prime?
False
Is 1220239 a composite number?
False
Is 941 composite?
False
Is 267847 composite?
True
Is 575583 composite?
True
Is 3547 composite?
False
Is 1531657 a composite number?
False
Is 206699 composite?
False
Is 72793 prime?
False
Is 100051 prime?
False
Is 50261 a composite number?
False
Is 40799 prime?
False
Is 618509 composite?
False
Is 186209 prime?
False
Is 4597159 prime?
False
Is 336571 a prime number?
True
Is 12781 composite?
False
Is 1459 prime?
True
Is 231305 composite?
True
Is 6001 composite?
True
Is 2167 prime?
False
Is 318863 a prime number?
True
Is 19541 a composite number?
False
Is 26365 a composite number?
True
Is 41219 prime?
False
Is 12071 a prime number?
True
Is 28711 prime?
True
Is 144949 composite?
True
Is 8161 a prime number?
True
Is 178141 prime?
True
Is 14851 composite?
False
Is 105607 a prime number?
True
Is 202547 a prime number?
False
Is 100019 composite?
False
Is 450311 prime?
True
Is 481939 a prime number?
True
Is 2539 a prime number?
True
Is 24317 prime?
True
Is 431369 prime?
True
Is 126107 composite?
False
Is 36689 a prime number?
False
Is 801809 a composite number?
False
Is 5167 a composite number?
False
Is 496583 prime?
True
Is 124933 prime?
False
Is 25793 prime?
True
Is 337309 prime?
False
Is 2784751 composite?
True
Is 171001 prime?
False
Is 129341 composite?
False
Is 508499 a composite number?
False
Is 35431 a prime number?
False
Is 180731 composite?
False
Is 635 prime?
False
Is 155153 a composite number?
False
Is 1847 prime?
True
Is 106163 composite?
False
Is 200243 composite?
True
Is 11717 a composite number?
False
Is 1277 prime?
True
Is 1651 composite?
True
Is 793537 composite?
False
Is 2361107 a prime number?
False
Is 31937 composite?
True
Is 8251 a prime number?
False
Is 2317 a composite number?
True
Is 127051 prime?
True
Is 140909 a prime number?
True
Is 17891 a composite number?
False
Is 397673 a composite number?
False
Is 72161 composite?
False
Is 2179 a composite number?
False
Is 557417 prime?
False
Is 74189 a prime number?
True
Is 17769 a composite number?
True
Is 20797 composite?
True
Is 9487 composite?
True
Is 4133 prime?
True
Is 85049 prime?
True
Is 674 a prime number?
False
Is 34355 a prime number?
False
Is 203117 a composite number?
False
Is 3271 a composite number?
False
Is 2287 composite?
False
Is 1361 prime?
True
Is 52943 composite?
True
Is 6118261 a composite number?
False
Is 61027 prime?
True
Is 104347 composite?
False
Is 9